mon factor of 85254 and 507?
39
Calculate the greatest common divisor of 1968 and 2352.
48
What is the greatest common divisor of 23067 and 45?
9
What is the highest common factor of 57459 and 6099?
321
Calculate the greatest common factor of 11825 and 267718.
473
Calculate the highest common factor of 132 and 2046.
66
What is the greatest common factor of 394799 and 309?
103
Calculate the greatest common divisor of 205 and 46325.
5
Calculate the greatest common factor of 213810 and 370.
10
What is the greatest common factor of 4 and 20020?
4
What is the greatest common divisor of 12701 and 117?
13
Calculate the highest common factor of 352 and 1067.
11
Calculate the highest common divisor of 23491 and 20711.
139
What is the highest common factor of 15984 and 45?
9
Calculate the greatest common factor of 8440032 and 12.
12
Calculate the highest common divisor of 27384 and 2688.
168
Calculate the greatest common factor of 364 and 19916.
52
Calculate the greatest common factor of 35 and 78505.
35
What is the highest common factor of 10905 and 225?
15
Calculate the highest common divisor of 850 and 12818.
34
Calculate the highest common factor of 156 and 28028.
52
Calculate the highest common factor of 2953 and 3.
1
What is the greatest common factor of 1206964 and 154?
22
What is the greatest common divisor of 3925 and 2575?
25
What is the highest common factor of 365690 and 174?
58
What is the greatest common divisor of 7 and 84504?
7
What is the greatest common factor of 9342 and 35208?
54
What is the greatest common divisor of 1414 and 8585?
101
Calculate the highest common divisor of 53756 and 28.
4
Calculate the greatest common divisor of 65780 and 63388.
1196
Calculate the greatest common divisor of 741 and 14898.
39
What is the highest common divisor of 822830 and 214?
214
What is the greatest common factor of 19446 and 1323?
21
Calculate the greatest common divisor of 8130 and 2250.
30
What is the highest common divisor of 95697 and 434?
217
Calculate the highest common factor of 941 and 2398609.
941
What is the highest common factor of 416 and 44044?
52
Calculate the highest common factor of 2030488 and 8.
8
What is the highest common divisor of 1475001 and 297?
99
What is the greatest common divisor of 252 and 297486?
126
What is the greatest common divisor of 14725 and 12369?
589
What is the greatest common divisor of 50 and 273750?
50
Calculate the greatest common divisor of 14 and 799554.
14
Calculate the greatest common factor of 332 and 43492.
332
What is the greatest common factor of 5 and 82330?
5
What is the highest common divisor of 520790 and 10?
10
What is the highest common factor of 5454 and 954?
18
Calculate the greatest common divisor of 9250 and 285270.
370
Calculate the highest common factor of 66693 and 22.
11
Calculate the highest common divisor of 341 and 965619.
31
Calculate the greatest common factor of 4 and 41564.
4
Calculate the greatest common factor of 2054934 and 28.
14
What is the greatest common divisor of 275 and 5975?
25
What is the greatest common factor of 1198090 and 20?
10
What is the highest common divisor of 44 and 511764?
44
What is the highest common factor of 99 and 26271?
9
What is the greatest common divisor of 157 and 3351479?
157
What is the highest common factor of 966 and 148810?
46
What is the greatest common divisor of 202676 and 64?
4
What is the greatest common divisor of 4112 and 120?
8
What is the greatest common factor of 300634 and 41256?
382
What is the highest common divisor of 336028 and 616?
308
Calculate the greatest common divisor of 1169 and 9203537.
1169
What is the highest common divisor of 2923 and 19869?
37
Calculate the greatest common factor of 104544 and 306.
18
Calculate the highest common factor of 2600 and 4360.
40
What is the greatest common divisor of 109882 and 2?
2
Calculate the highest common divisor of 68953 and 530.
53
What is the greatest common divisor of 84292 and 5980?
52
What is the greatest common factor of 24 and 53988?
12
Calculate the highest common factor of 37500 and 6100.
100
What is the greatest common divisor of 33 and 18502?
11
Calculate the highest common factor of 1344 and 80576.
64
What is the greatest common factor of 7922 and 11650?
466
Calculate the highest common factor of 7409 and 62.
31
What is the highest common divisor of 1287 and 208?
13
What is the highest common divisor of 1469 and 975?
13
Calculate the highest common divisor of 3918 and 846.
6
Calculate the highest common divisor of 97500 and 2652.
156
Calculate the greatest common divisor of 33 and 281908.
11
What is the highest common divisor of 104349 and 21?
21
Calculate the highest common divisor of 953 and 2343427.
953
Calculate the greatest common divisor of 1470 and 1829660.
490
Calculate the highest common divisor of 487 and 263467.
487
What is the greatest common divisor of 259835 and 6280?
785
What is the greatest common factor of 3333756 and 12?
12
What is the greatest common factor of 369 and 4633?
41
What is the highest common factor of 100 and 630525?
25
What is the highest common factor of 675 and 30900?
75
Calculate the greatest common divisor of 13904 and 451.
11
What is the highest common divisor of 7200 and 5220?
180
What is the greatest common divisor of 1737 and 979861?
193
Calculate the greatest common factor of 23736 and 3036.
276
Calculate the greatest common factor of 3 and 4507.
1
Calculate the highest common divisor of 1604 and 32.
4
Calculate the greatest common divisor of 4216 and 10914.
34
Calculate the greatest common divisor of 151001 and 93.
31
Calculate the highest common divisor of 1487166 and 426.
426
What is the highest common divisor of 82 and 287410?
82
What is the highest common divisor of 43414 and 392?
98
What is the highest common factor of 477240 and 240?
120
Calculate the highest common factor of 53 and 10409942.
53
Calculate the greatest common factor of 41 and 3927431.
41
What is the greatest common divisor of 339214 and 3?
1
What is the greatest common divisor of 2832 and 135051?
177
What is the greatest common factor of 6589 and 176?
11
What is the greatest common divisor of 207 and 7383?
69
What is the greatest common divisor of 28072 and 2233?
319
Calculate the greatest common divisor of 295 and 3518465.
295
What is the greatest common factor of 13755 and 15327?
393
Calculate the highest common divisor of 143 and 3640351.
143
Calculate the highest common divisor of 2440949 and 19.
19
What is the greatest common divisor of 33615 and 13197?
249
What is the highest common factor of 291 and 555?
3
What is the highest common factor of 196 and 142443?
49
Calculate the greatest common divisor of 123 and 6117.
3
What is the highest common divisor of 5033429 and 181?
181
Calculate the greatest common divisor of 108232 and 664.
664
Calculate the greatest common factor of 63 and 165339.
9
Calculate the highest common factor of 20 and 111400.
20
What is the greatest common divisor of 8 and 35012?
4
What is the highest common divisor of 6925 and 6371?
277
Calculate the highest common divisor of 22089 and 888.
111
What is the greatest common divisor of 37556 and 8?
4
Calculate the highest common divisor of 54237 and 909.
303
Calculate the highest common factor of 1724 and 134041.
431
Calculate the highest common factor of 112 and 4607932.
28
What is the greatest common divisor of 18 and 610074?
18
What is the greatest common divisor of 154 and 45914?
22
Calculate the highest common divisor of 114471 and 420.
21
What is the highest common factor of 32384 and 1298?
22
Calculate the highest common factor of 97290 and 621.
207
Calculate the greatest common factor of 2016 and 1652.
28
Calculate the greatest common factor of 60 and 49245.
15
What is the greatest common factor of 248 and 11887384?
248
What is the highest common factor of 68540 and 92?
92
What is the highest common divisor of 21164 and 5005?
143
Calculate the highest common divisor of 687571 and 814.
37
What is the greatest common divisor of 27864 and 2268?
324
What is the highest common divisor of 36 and 310509?
9
What is the highest common divisor of 501 and 4495473?
501
Calculate the highest common divisor of 270 and 1411470.
90
What is the greatest common factor of 352274 a